i and 10?
10
Let a be (3/2)/(9/(-918)). Let n = a + 169. Calculate the highest common factor of n and 368.
16
Suppose 8*h = -423 + 31. Let m = h - -64. Calculate the highest common factor of 105 and m.
15
Suppose -24*b + 5*b + 475 = 0. Suppose 4*l = 4*q + 28, b = 22*l - 19*l + q. What is the greatest common factor of 48 and l?
8
Suppose -5*p = h - 18 + 3, 0 = -4*h - 2*p + 78. Suppose -4*r = -0*r - h. Suppose -3*w + 17 = x, r = -4*x - x. Calculate the greatest common factor of 6 and w.
6
Let t be 57 - (-1 - (1 - 0)). Let g(a) = -3*a**3 - 19*a**2 - 35*a - 107. Let s be g(-7). Calculate the highest common divisor of t and s.
59
Suppose -4*x + 361 = -23. Suppose 0*o + 4*o = 2*p - 6, 3*o = 3*p - 24. Suppose -10*r - 72 = -p*r. What is the greatest common divisor of x and r?
24
Let x = -3530 - -3547. What is the highest common divisor of x and 1683?
17
Let a = -6240 + 6312. Calculate the greatest common factor of 304 and a.
8
Let z(s) = 19*s + 278. Suppose 4*k - 14 = 5*k - 4*u, -2*k = -u + 28. Let w be z(k). What is the highest common factor of w and 516?
12
Suppose 31*g - 121*g + 12744 = 146*g. Calculate the greatest common divisor of g and 72.
18
Let s = -5322 + 5334. Calculate the highest common factor of 2364 and s.
12
Suppose 18*k + 45423 + 23625 = 0. Let b be 22/55 - (k/10 + -1). Suppose -b = -2*o - 3*o. Calculate the greatest common factor of 7 and o.
7
Suppose 4*w - 94 - 18 = 0. Suppose 49*x = 56*x - w. Calculate the highest common divisor of 44 and x.
4
Let h = 20780 + -20668. What is the greatest common factor of h and 1088?
16
Let m = -10355 - -10433. Let b = 26 - 13. Calculate the greatest common factor of b and m.
13
Let r(f) = 401*f**2 + 68*f - 248. Let t be r(4). Calculate the highest common factor of t and 5.
5
Let f = -3288 + 3352. What is the greatest common divisor of 200 and f?
8
Let s be 59937/5 - (-249)/415. What is the highest common factor of s and 148?
148
Let h(m) = 3*m - 5. Let s be h(0). Let x(r) = -6*r - 24. Let y be x(s). Suppose -y*v - v + 49 = 0. What is the greatest common factor of v and 7?
7
Suppose 12*m - 29080 = 2*m. Suppose 0 = 2*c + 4*i + i - 1469, 4*c = -4*i + m. Calculate the highest common factor of c and 38.
38
Let z = -5342 - -6213. What is the highest common factor of z and 603?
67
Suppose -2*w + 49 - 5 = 2*t, t - 85 = -4*w. Suppose r - 4*r = 3*b - 54, 8 = 2*b - 5*r. Let g = b + -7. Calculate the highest common factor of w and g.
7
Suppose z - 606*q = -610*q + 2232, -3*q = -6. What is the highest common divisor of z and 417?
139
Let g(o) = 64*o + 6670. Let r be g(-104). What is the greatest common factor of r and 1981?
7
Suppose 170121 = 7*t - 4*q, 0 = -15*q + 13*q + 14. Calculate the greatest common divisor of t and 223.
223
Let a be 0 + -4 - ((-3 - -2) + -6). Suppose a*x - 28 - 92 = 0. Let i be -1 + 1 + (5 - (-5 + 0)). Calculate the highest common divisor of i and x.
10
Suppose -442 = -i - 4*l, -866 = -18*i + 16*i + l. Suppose 5*a - 18*d = -17*d + i, 0 = 5*a - 2*d - 433. What is the greatest common divisor of 29 and a?
29
Let c(t) = -3*t**3 + t**2 - 15. Let l be c(-5). What is the highest common factor of 440 and l?
55
Suppose -37*q = -42*q - 5. Let j be q/5 - 241/(-5). Suppose -w + 57 = 3*x, 0*w = -4*w - x + 283. What is the greatest common factor of j and w?
24
Let p be 6/3*10/10. Let o(z) = 0 + 2*z - 4 - 15 + z. Let l be o(8). Calculate the highest common divisor of p and l.
1
Let k be 2 + (-156)/(-30) - (-2)/(-10). Let p(q) = -q - 5*q**2 - q**3 + k + q**3 + 3 + q**3. Let o be p(6). What is the highest common divisor of o and 16?
8
Let h = 224 - 222. Suppose 0 = 5*q, 65 = -44*o + 45*o - h*q. What is the highest common factor of o and 1040?
65
Let v(g) = 44*g - 175. Let a be (-608)/(-114) + -2 + (-10)/(-6). Let c be v(a). Calculate the highest common divisor of c and 75.
15
Suppose 3*w - 5 = -14. Let x be 10/5 - (w - -2). Suppose -n - 46 = -c, 0 = 6*c - 5*c + x*n - 58. What is the highest common factor of 7 and c?
7
Let q be ((-11)/(-2) + -3)/(3/6). Suppose 0 = -3*a - 4 + 7, q*a = -3*x + 461. What is the highest common divisor of 114 and x?
38
Let o be (-3)/1 + (-11808)/(-96). Let y = -142 + 148. What is the greatest common divisor of y and o?
6
Let q(v) = -19*v + 9. Let z be q(-1). Suppose -46 - 53 = 3*c - f, -3*f + 105 = -3*c. Let x = c - -34. What is the greatest common factor of x and z?
2
Let f = -62 + -32. Let g(l) = -9*l**3 - 2*l**2 - l. Let w be g(2). Let r = w - f. Calculate the highest common factor of r and 60.
12
Let u = -3721 + 3793. What is the highest common divisor of u and 1224?
72
Let y be 12958/15 - (-180)/1350. Suppose -26*z - 3*w - y = -30*z, -3*w = 5*z - 1080. Calculate the highest common divisor of 144 and z.
72
Let f = 121 + 23. Let x be 308/1386 - (2/9)/(6/(-1452)). What is the greatest common divisor of x and f?
18
Let q be (1/(-1) - 5)*56/(-42). Suppose -3026 = -q*h - 722. What is the highest common factor of 24 and h?
24
Let r be 1/2*2*10. Let a = 29620 - 29300. What is the highest common factor of a and r?
10
Let z be (1/(-2))/(2/(-4)). Suppose 2*g = 4*g - 2*p - 560, 4*p = g - 283. Let i = g - 272. What is the greatest common factor of z and i?
1
Suppose 17*i = 57 - 6. Let x be -8*8/(192/(-30)). What is the greatest common factor of x and i?
1
Let z be (-13)/(780/4000)*-45. What is the greatest common factor of 48 and z?
24
Let b = -4731 + 4776. Calculate the greatest common factor of 1560 and b.
15
Suppose 151*j - 1286321 = -104*j + 369649. What is the highest common factor of 1910 and j?
382
Let m be -2 + (819 - 0) + 0. Let d = 184970 + -184951. What is the highest common divisor of m and d?
19
Let h(f) = 12*f - 9. Let l = -8 + 12. Suppose -l*u + 4*y = -y - 21, 3*u = 5*y + 17. Let r be h(u). What is the greatest common divisor of 273 and r?
39
Suppose 2*f + 4 = -2*o + 16, -2*f - 4*o + 20 = 0. Suppose -9*h + 10*h - w = 445, 5*h = f*w + 2222. What is the highest common divisor of 333 and h?
111
Suppose 6 = 2*a, -8*o + 156 = -4*o + 4*a. Calculate the highest common factor of o and 1692.
36
Suppose 366*w - 1499 - 697 = 0. Calculate the highest common factor of 267 and w.
3
Suppose -4*f - 2*v - 37 + 123 = 0, 0 = 4*f - 5*v - 79. Suppose w - 5*m = 189 + 54, 0 = -2*w + 2*m + 534. Calculate the greatest common factor of f and w.
21
Let c be 81/((154/(-11))/(-14)). What is the greatest common divisor of c and 9?
9
Let o = 21427 + -21412. Let a(u) = -2*u**3 - 5*u**2 - 3*u - 5. Let n be a(-5). What is the highest common divisor of n and o?
15
Let c be (-3 - (-1 + 2))*-6. Suppose 0 = -5*r - 0*r + 20. Suppose 3*g - 4*v = 92 + 264, -479 = -r*g + v. What is the greatest common factor of g and c?
24
Let d be (-1 + -11)*(2 + -6). Let q be (-8)/d - 430/(-60). Calculate the greatest common factor of q and 609.
7
Suppose -32*h - 3*h + 705732 = 144892. What is the greatest common divisor of 8 and h?
8
Suppose -309442 = -105*a + 242018. Calculate the greatest common factor of a and 156.
52
Suppose -p - 474 = 3*l, -p = 4*l - 0*p + 632. Let c = -114 - l. Let r = 26 + -15. Calculate the highest common factor of c and r.
11
Suppose -7*f = 10*f - 272. Suppose -10*b - 96 = -f*b. Calculate the highest common factor of 32 and b.
16
Let g = -89 - -129. Suppose -67*f = 109*f - 33440. Calculate the greatest common factor of f and g.
10
Let o(s) = 11*s + 51. Let j = 312 - 315. Let u be o(j). Calculate the greatest common divisor of 18 and u.
18
Suppose 68*y + 27280 = 72*y + 5*f, -4*y + f = -27256. Calculate the greatest common divisor of 145 and y.
145
Let r be 44/264 + 2/(-12). Suppose r = -2*k - 129 + 163. Calculate the highest common factor of k and 3.
1
Let y(q) be the first derivative of 11*q**2 + 61*q - 29. Let c be y(-19). Let z be 4/34 + (-672)/c. Calculate the highest common divisor of 2 and z.
2
Let c(s) = -2*s**2 + 3*s + 139. Let t be c(-7). What is the highest common divisor of t and 1210?
10
Suppose 0 = -p + 11*p - 1320. Let x = 156 - p. Let n = -20 + 38. What is the greatest common divisor of n and x?
6
Let i(v) = -5 + 67*v - 37*v - 22 - 38*v. Let h be i(-6). What is the greatest common divisor of h and 15?
3
Suppose -146 - 444 = -59*o. Calculate the highest common divisor of 2820 and o.
10
Let f(r) = -3*r - 15. Let u be ((-1)/(-4))/(1/(-28) + 0). Let g be f(u). What is the greatest comm